et u be m(c). Let h = u + 75. Is h prime?
False
Let z(h) = -172*h - 8. Let s(o) = 1. Let r(w) = 5*s(w) + z(w). Let j be r(-1). Suppose 0 = -2*m + 25 + j. Is m composite?
False
Let s = 491 - 292. Suppose 5*o - 1086 = s. Is o prime?
True
Let j(f) = 16*f - 5 - 76*f - 14. Is j(-12) prime?
True
Is (77/231)/(2/220386) prime?
False
Let f = 4908 + 2713. Is f a prime number?
True
Let m(k) = 2*k**2 + 50*k + 209. Let w(x) = -x**2 - 17*x - 70. Let y(p) = -3*m(p) - 8*w(p). Is y(24) a composite number?
True
Let c be 4/16 - 5/20. Suppose c*v - v = -1674. Suppose 0 = 5*q - v - 3601. Is q a prime number?
False
Let j = -16 + 39. Let p(a) = -a - 202*a**2 - 194*a**2 + 397*a**2 - 2*a - 7*a - 30. Is p(j) a composite number?
False
Let p be (-496468)/8 + 5 - 1/(-2). Let v = -26457 - p. Is (1*(-2)/4)/((-11)/v) a composite number?
True
Let w(j) = -54*j - 29. Suppose 5*u = -18 - 12. Let c = -15 - u. Is w(c) a prime number?
True
Let s = -6504 + 6499. Let q(r) = 15*r**2 + 5*r + 1 + 39*r**2 - 7. Is q(s) prime?
True
Is -3*((-927)/1545 + ((-192632)/30)/1) a prime number?
False
Let r(v) = 283*v**2 - 2*v + 13. Let n be r(-6). Let y = n - -2500. Is y a prime number?
True
Let r be (4*-1 - -2)*1. Let o(d) be the second derivative of -230*d**3/3 - d**2/2 + 9*d. Is o(r) a prime number?
True
Let q be 36/(-54)*(8757/2)/(-3). Let o be (q/14)/(1/34). Let d = 4608 - o. Is d a prime number?
False
Let c(d) = 439*d**2 + 99*d - 1601. Is c(20) a prime number?
True
Is 7*((-12)/(-30) - 120/175) + 33673 prime?
False
Let n be -9 + (10 - 6) - 0 - -8. Suppose n*s = 27810 - 8409. Is s prime?
False
Suppose -40562 = -p - 5*j, -2*p - 5*j + 10877 + 70262 = 0. Is p composite?
False
Let k = 3259 + 3688. Is k composite?
False
Let j(r) = r**2. Let f(x) = 62*x**3 - 7*x**2 + 7*x + 3. Let l(w) = f(w) + 3*j(w). Is l(4) composite?
True
Suppose -60 = 5*d - 70. Suppose -c - 30827 = -2*z + d*c, z = 2*c + 15411. Is z composite?
True
Let p = 13 + -15. Let c be (7/p - 0)/(9/18). Is 100 + (-23)/7 + (-2)/c a composite number?
False
Let h(x) = -7*x**3 - 17*x - 24. Let q be h(-7). Suppose -q = -u + 2561. Is u a prime number?
False
Let n(c) = 17212*c**2 - 261*c + 46. Is n(-5) composite?
True
Suppose 79021 = a + 2*f, -a + 5*f + 97280 = 18224. Is a composite?
False
Let y = 467 - 466. Let s(i) = -2 + 3 + 3 + 416*i - 1. Is s(y) a composite number?
False
Let x(d) = d + 12. Let z be x(-7). Suppose -6*l = r - z*l, -3*l - 2 = 2*r. Let p(h) = 400*h**3 + 3*h - 3. Is p(r) prime?
True
Suppose i + 8232 = -2416. Is i/(-55) + -11 + (-4)/(-10) a composite number?
True
Let k = -2416119 + 3396172. Is k a prime number?
False
Let b(l) = 222036*l**2 + 185*l - 2. Is b(-1) composite?
False
Let x be 1/((64/8)/(-16)). Let r(z) = -588*z**3 - 2*z**2 - z + 5. Is r(x) composite?
False
Let u be (-42)/98 - (-143410)/(-14). Is u/(-10) + -6 + 4/(-10) prime?
False
Let r = 8668 - 2950. Let a(j) = j - 1. Let b be a(6). Suppose b*h = -h + r. Is h a prime number?
True
Is (14 + -4 + -12)/(4*(-4)/1280360) a prime number?
False
Let i(a) = -3*a**3 - a**2 - 2*a + 2. Let w be i(1). Let z be w/6 - 17/(-3). Suppose z*h = 1054 + 1021. Is h prime?
False
Suppose 32212870 = 100*i + 2957370. Is i a prime number?
False
Suppose 70*s = 3*s + 6266041. Is s a composite number?
False
Let m = -1649 - -1388. Let u(a) = -465*a**3 + a**2. Let t be u(1). Let i = m - t. Is i composite?
True
Suppose -5*l + l = -16. Let h(t) = 11*t - 13. Let n be h(l). Suppose 34*f = n*f + 3777. Is f a prime number?
True
Let c = -7382 - -138061. Is c a composite number?
True
Let y be ((-5)/2 - -2)*-8542. Let l = 3821 + -5849. Let t = l + y. Is t prime?
True
Let h(r) be the first derivative of 11*r**3/3 + 63*r**2/2 + 39*r + 70. Is h(-16) a prime number?
True
Let n be 0 + ((-2)/(-14) - 440/(-56)). Suppose -n*q + 19 = -3*q - 2*c, 0 = -2*q - 3*c. Is q/(-3) - (-5)/(5/1578) a prime number?
False
Let v(t) = 293*t - 137. Let x = 681 + -675. Is v(x) prime?
True
Let u = -8101 - -2141. Let c = 13257 + u. Is c a prime number?
True
Let a(j) = 112*j**2 + 33*j - 341. Is a(-26) a composite number?
True
Is (((-273118)/(-4))/1)/(63/126) a composite number?
False
Let a = 2632 - 1816. Suppose -r = -298 - a. Is r prime?
False
Suppose -41*m = -38*m + 4*v - 221437, m - 5*v - 73844 = 0. Is m composite?
False
Let l be -10 + 2 - (-1 - -3). Is (-10814)/l + (53/5 - 11) composite?
True
Let t = 42 - 38. Let p(h) = 124*h**3 + 25*h - 5. Is p(t) a prime number?
False
Let y = 1222 + -30. Suppose 5*s = 4*d - 5174, 5*d + 2*s - 7643 = -y. Is d composite?
False
Let q(l) = l**3 - 9*l**2 - 13*l + 33. Let m = 44 + -34. Let t be q(m). Suppose 0 = -t*n - 12*n + 1905. Is n prime?
True
Suppose 305*x = 283563926 + 346457799. Is x a prime number?
False
Let t be (2 - -4)/(((-135)/10)/9). Let i(v) = -v - 2. Let x be i(t). Suppose 963 + 319 = x*w. Is w prime?
True
Is 5936716/22 - 306/(-1122) a prime number?
True
Let l(n) = 6 + n - 2 + 0 - 1. Let y be l(-3). Suppose y = 4*a - 7*a, 2*o - 5*a - 246 = 0. Is o composite?
True
Let m(f) be the first derivative of -f**4 - 4*f**3 - 7*f**2/2 - 2*f - 64. Is m(-9) a composite number?
True
Suppose 6597974 - 95716 - 1007509 = 39*o. Is o a prime number?
True
Suppose -2*i - 6391810 - 1333648 = -28*i. Is i prime?
True
Let v be 3*1/(1*(-9)/21). Let w(m) = -4*m**3 - 2*m + 4 - 5*m**2 + 5*m - m. Is w(v) a prime number?
True
Suppose 0*a = 2*z + a - 3, -9 = -4*z - 3*a. Suppose 4*q - 4*l = 10843 + 14837, 5*q - l - 32104 = z. Is q composite?
False
Let q be -2 - 217/3 - 1/(-3). Let v = q - -74. Suppose 3*w + b - 6163 = v, 3*w + 1315 = -4*b + 7490. Is w composite?
False
Suppose -5*y + 3*y - 24477 = -3*x, 0 = -2*x + 4*y + 16318. Suppose -5*n + 21550 = -5*a, -2*n + 12932 = -2*a - a. Let q = x + a. Is q prime?
True
Suppose 0 = -4*c + b + 5, -3 - 10 = -2*c - 3*b. Suppose -7*n + 11665 = -c*n. Is n prime?
True
Suppose -4*t + 12 = 0, 12*h + 4*t + 11367 = 15*h. Is h a prime number?
True
Suppose 3*u - 5*u = -2, 5*u - 45 = -4*i. Let q(d) = i + 14 - 2 + 65*d. Is q(15) prime?
True
Let h be (-1)/((-859281)/143214 - -5 - -1). Let x = 72751 + h. Is x prime?
True
Let s = 151 - 148. Suppose s*c + 3*f - 1771 = 2*c, -f = -c + 1779. Is c composite?
False
Let l = -381 - -396. Suppose 0 = l*n - 28874 + 1304. Is n a prime number?
False
Suppose -25*d + 1061203 = -2832020 - 6881752. Is d a prime number?
True
Let t(d) = 231*d. Let x be t(3). Suppose 20 + 0 = 4*n - 4*w, 2*n + 5*w = 10. Suppose -n*y - x = -4*m, -2*y + 342 = 2*m - 6*y. Is m prime?
False
Is (225696/104 - 9) + (-2)/13 a prime number?
True
Let b = 1010 + -1010. Is ((-287417)/(-65))/(3/15 + b) prime?
True
Let l(q) = -496*q - 1331. Is l(-12) composite?
False
Let y be -5798*1*(-1 + 4/8). Is (y/(-2))/(26/(-52)) a composite number?
True
Suppose -18*o + 94456 = -75860. Suppose 3*s - o = -1239. Is s a composite number?
False
Is 78/(-6) - -6 - (-7 + -116983 + 4) composite?
True
Let o = 6191 - -1848. Is o a composite number?
False
Suppose w + 5114 - 84265 = 2*y, -y = -3*w + 237428. Is w composite?
True
Let z(g) = -1572*g - 159. Let q be z(-19). Suppose -4090 = 11*d - q. Is d composite?
True
Let q = 73358 + -223. Is q a composite number?
True
Let o(f) = f**3 - 2*f**2 + 43*f - 13. Suppose 3*s + 4*q - 44 = 0, -2*s - 5*q + 23 = -4. Is o(s) a prime number?
True
Let g(s) = s**3 + 36*s**2 + 36*s + 47. Let u be g(-35). Suppose -u = 4*k, 6*l - 3*l - 8355 = -4*k. Is l a prime number?
True
Suppose 1392*j - 878779 = 1381*j. Is j composite?
False
Let j(q) = -q**3 + 4*q**2 - 6*q - 10. Suppose 3*u = -3*w + 5*w - 6, 0 = -w - u + 8. Let z be j(w). Let a = z + 1025. Is a a composite number?
False
Let c = 177 - 157. Is 1/5 - (-25576)/c composite?
False
Let g = -688428 + 1444955. Is g composite?
False
Suppose -45178 + 246673 = -5*x. Let h be x/(-14) + (-1)/2. Suppose 0 = -2*c - 0*c + h. Is c a prime number?
True
Let s(m) = -m**3 + 5*m**2 - m - 9. Let z be s(4). Suppose -3*d = -2*y - 0*y + 1399, 4*d = z*y - 2099. Is y composite?
False
Let c = -157283 + 257892. Is c prime?
True
Let r = 844822 + -599201. Is r prime?
True
Let n(g) = 2*g**2 - 27*g + 55. Let u be n(11). Suppose 4*q - 2*o = 21526, u*q - 3*o - 26908 = -5*q. Is q prime?
True
Let n = 50 + -46. Suppose 163 = -n*m - 0*m - 3*k, 5*k = m + 12. Is m*(-4 - 3/(-1)) prime?
True
Let u = 21340 + -14018. Suppose 2*l - l = 5. Suppose -14672 = -4*g + l*r - 2*r, 2*r - u = -